1*x**3/3 - x + 106. Let c = -1 - -3. Suppose o - c = -o. Give n(o).
10
Let f(b) be the second derivative of 3*b**3 + b**2 + 73*b. Determine f(-1).
-16
Let p(i) = -2*i + 1. Let r = -17 + 55. Suppose r = -5*n + 8. What is p(n)?
13
Let t = -6 + 15. Let f(b) = -17*b**2 - t*b - 6 + 24*b**2 - 8*b**2. What is f(-7)?
8
Let p = -4 - -28. Suppose 0 = 7*x - 3*x - p. Let w(d) = -d**2 + 8*d - 5. What is w(x)?
7
Suppose 5*j - 4*b + 29 = 0, -3*b + 3 + 5 = -j. Let q(m) = m**3 + 5*m**2 - 3*m - 2. Calculate q(j).
13
Let f(p) = p**3 - 4*p**2 + 2. Let q be f(5). Let b be ((-1175)/45)/(-5) + (-6)/q. Let c(i) = i**2 - 6*i + 1. What is c(b)?
-4
Let a(r) = -r**3 + 12*r**2 + 3*r - 13. Let u be (18/(-7))/(292/(-56) - -5). What is a(u)?
23
Let d(b) = -3*b + 5. Let z(u) = -u + 69 + 0*u - 61 - u**2 + 2*u**2. Let s be z(0). Give d(s).
-19
Let y(p) = 2*p - 7. Let u(j) = 9*j - 36. Let x(m) = 4*u(m) - 21*y(m). Suppose -32*k - 8 = -36*k. Give x(k).
-9
Let y(h) = h**3 + h + 17. Let i(d) = -2*d + 41. Let n be i(17). Suppose 0 = 10*z - n*z. Determine y(z).
17
Let b be 0 + (-1)/(1/1). Let d = -73 - -80. Let y(j) = d*j + 8*j - 24*j + 6*j. Determine y(b).
3
Let o(h) = -26*h + 3*h + 9 + 18*h. Let c(y) = 2*y + 2. Let f(g) = -2*g - 1. Let p(w) = -4*c(w) - 5*f(w). Let m(x) = -3*o(x) - 8*p(x). Give m(-5).
2
Let j = -77 - -79. Let l(z) = -2*z**2 + 4*z**2 + z - 1 + j*z**2 - 3*z**2. Suppose -5*o - 3 - 4 = -2*x, 0 = -4*x - 5*o - 1. What is l(x)?
1
Let o(w) = -4. Suppose 0 = -x - x - 10, -3*v - 7 = 2*x. Let g(f) = f. Let r(y) = v*o(y) - 3*g(y). What is r(-3)?
5
Let z = 58 + -64. Let k(d) = d + 1. Let l(x) = -x + 1. Let i(m) = 4*m - 13. Let j(w) = -i(w) - 6*l(w). Let c(n) = -j(n) - k(n). Determine c(z).
10
Let w(z) = z**3 - 4*z**2 - 6. Let s(m) = -4*m + 61. Let r be s(14). Determine w(r).
19
Let l(r) be the second derivative of 3*r**4/4 - r**2/2 - 2*r. Let y = 15 - 13. Suppose y*i = -4*t - 18, -4*t - 20 = 5*i + t. Determine l(i).
8
Let j = -9 + 12. Suppose -j*f = 10 - 31. Let p be (-3)/f - (-24)/(-42). Let g(q) = 4*q**2 + 2*q + 1. Determine g(p).
3
Let p = -305 - -296. Let u(y) = y**2 + 10*y + 11. What is u(p)?
2
Let u(t) = t**2 + 16*t + 4. Let n be u(-16). Let w(b) = 2 - 4 - n*b - 3*b + 6*b. What is w(-3)?
1
Let y(g) = g**3 - 9*g**2 - 11*g + 4. Let l be y(10). Let i = l + 11. Let a(m) = -2*m**2 + 7*m + 2. Determine a(i).
-13
Let x(n) = n**3 - 4*n**2 + 2*n - 2. Let r(j) = -j**2 - j + 4. Let u be (-3)/(-3 + 1 + 1). Let l = -3 + u. Let q be r(l). Give x(q).
6
Suppose 4 = -18*b - 50. Let r(j) = -2*j + 2. Calculate r(b).
8
Suppose -275*x - 10 = -277*x. Let t(c) = c + 3. Determine t(x).
8
Let c(b) = 4*b - 6. Suppose 4*z + 5*w = 4, 0 = -5*z + w + 10 + 24. What is c(z)?
18
Let v = 742 - 750. Let h(d) = d**2 + 11*d + 14. Calculate h(v).
-10
Let t(p) be the third derivative of p**4/12 - p**3/6 - 2*p**2 + 222. Give t(3).
5
Let s(r) = 11 - 12 - r**2 - 3*r + 12*r - 7. Calculate s(7).
6
Let l(r) = 3*r**3 - r**2 - 3. Suppose 15*g + 30 = 30*g. What is l(g)?
17
Let k(h) = h**2 - 2. Suppose -5*q - 9 = 5*w + 6, 3*w = 4*q - 44. Let f be ((-44)/(-16))/((-1)/(-4)). Let x = w + f. Calculate k(x).
7
Let i(k) = k**3 - 15*k**2 - k + 11. Suppose 3*b + 4*h - 45 = 0, 24*b = 21*b + h + 45. Give i(b).
-4
Let r(m) = m**2 + 1 - 9 + 19 - 9*m + 0 - 1. Determine r(6).
-8
Suppose 0*i + 8 = 4*i - 4*m, m - 1 = 0. Let d(z) = -6*z**2 - 2*z + 8 + 7*z**3 - 20*z**i + 14*z**3. What is d(6)?
-4
Let s(k) = -12 - 5*k + 18 - 3*k + 4*k. Calculate s(4).
-10
Let a = -2 - 3. Let r(u) = 3*u**2 - 9*u + 46. Let n(c) = -4*c**2 + 13*c - 63. Let h(z) = 5*n(z) + 7*r(z). Give h(a).
22
Let r(p) = 25*p + 773. Let z be r(-31). Let y(n) = -n**3 + 2. Give y(z).
10
Let g be 159/(-9) - 2/6. Let y = g + 23. Let s(r) = 7*r**2 - y - r**3 - 10*r - r**2 + 2*r**2 + 4*r. Calculate s(7).
2
Let l(a) = -2*a**2 - 2*a + 2. Let q = 6 - 9. Let w be l(q). Let f be w/3*(-36)/30. Let b(d) = -2*d + 5. Determine b(f).
-3
Let z(t) = t**3 - 16*t**2 - 18*t + 13. Let h be z(17). Let g(m) = m**3 + 6*m**2 - m - 5. Calculate g(h).
31
Let b = 617 + -638. Let p(d) = d**2 + 20*d - 29. Give p(b).
-8
Let w(m) = 21*m. Let h(s) = 143*s - 225*s + 114*s. Let u(z) = -5*h(z) + 8*w(z). Calculate u(-2).
-16
Let h = 966 - 946. Let p(u) = 2*u**2 - 40*u + 6. Calculate p(h).
6
Let b(d) = d**2 + 3*d - 3. Suppose 2*u - 3*q = 7, -27 = -5*u - q - q. Suppose -f = -2*f + 2*k - 2, -3*f = -u*k + 7. Give b(f).
1
Let f(k) = -k + 1. Let b = -16 + 28. Let s be 3/7 + 88/56. Suppose -6*n = -s*n - 4*y, 3*n - b = -3*y. Determine f(n).
-1
Let i(c) = -c**2 - 14*c - 24. Let z be i(-12). Let h(b) = 3*b - 5. Let a be h(z). Let r(x) = x**2 + 4*x + 6. Give r(a).
11
Let u(x) = x**3 - 332 + 983 - x - 328 - 333. Let s(j) = j**2 - 7*j + 6. Let z be s(6). Give u(z).
-10
Let r(j) = 2*j**2 + 2*j - 1. Suppose 0*w = -4*w + 8. Let s be w/5 + 39/15. Let y be (s/1)/12*4. What is r(y)?
3
Let h(r) = 14*r**2 + 24*r - 7. Let a(p) = 17*p**2 + 25*p - 7. Let t(m) = -4*a(m) + 5*h(m). Give t(-11).
15
Let g(p) = -p**2 + p - 1. Suppose -3*x = 5*c + 21, -4*x + 0 = 4*c + 12. Let m(k) = -7*k**2 - 3*k - 16. Let s(o) = c*g(o) + m(o). Give s(-8).
-2
Let w(f) = -2*f. Let k(b) = 2 - 3 - 2*b + 3*b + b. Let g(y) = 5*k(y) + 6*w(y). Suppose 4*h + 10 = -6. Give g(h).
3
Let r(m) = -m**3 - 8*m**2 - 4*m. Suppose -2*a = 2*b + b + 6, 2*a - 2*b = -16. Give r(a).
-48
Let g(o) = o**3 + 6*o**2 + 6*o - 5. Let j be (-8)/(-5) + 2/5 + 3. Suppose p - 29 = j*l - p, 14 = -2*l + 2*p. Calculate g(l).
-10
Let d(i) = 2*i - 22*i**2 + 13*i**2 + 9*i - 9 + 8*i**2. Calculate d(11).
-9
Let g(a) = -2 - 9 - 4 + 2*a + 3. Let c be g(6). Let z(k) = -6*k - k**2 + 0 + c*k - 8. Determine z(-6).
-8
Let m(b) = 1 - 28329*b**2 + 28330*b**2 - 3 - 4*b. Let l = 5 - 0. Determine m(l).
3
Suppose 0 = n - 4*m - 14, -3*n + m + 6 + 3 = 0. Suppose 7*a - n*a = 20. Let k(y) = a*y - 3 + 2 - 10*y + 7*y. What is k(-3)?
-4
Let g = 7 - 3. Let t = g + 0. Suppose 7*q = t*q - 3. Let a(d) = 8*d**2 - 1. Give a(q).
7
Let i(a) = 141*a + 145. Let s be i(-1). Let u(r) = r**2 - 10*r + 31. What is u(s)?
7
Let b(l) = l**2 - 2*l - 1. Suppose 6*t = 5*t + 2*h + 9, 4*h = 5*t - 21. Let y be (-1 - (-4 + -2)) + t + -2. Calculate b(y).
7
Let v(s) be the second derivative of 5/6*s**3 + 0 + 1/20*s**5 + 5/12*s**4 + 3/2*s**2 + 2*s. Let m be v(-3). Let u(g) = g**3 - 6*g**2 + g - 4. Calculate u(m).
2
Let f(p) be the third derivative of 1/2*p**3 + 0 + 0*p**4 - 1/60*p**5 + 10*p**2 + 0*p. Let o = -21 + 24. Calculate f(o).
-6
Let l be 2/10*0*3/(-18). Let s(f) = f**3 + f - 5. Calculate s(l).
-5
Let d(v) = 2*v + 20. Suppose 4*t = -30 - 14. Determine d(t).
-2
Let n(o) = o**2 - 9*o - 6. Suppose p + 4*z = 8 + 9, -3*p + 84 = z. Suppose -9*r = -p - 61. Determine n(r).
4
Suppose -12*y - 990 + 1254 = 0. Let x(z) = -z**3 + 21*z**2 + 22*z + 4. What is x(y)?
4
Let q(t) be the second derivative of t**5/20 - 11*t**4/12 + 3*t**3/2 + 5*t**2 + 66*t. What is q(10)?
0
Let y(d) = d**2 + 13*d + 23. Suppose 1610*n = 1607*n - 33. What is y(n)?
1
Let p = -35 + 32. Let k(g) = 3*g + 8. Let n(t) = 2*t + 7. Let h(z) = p*k(z) + 4*n(z). Suppose 3*o - 1 - 14 = 0. Calculate h(o).
-1
Let r(s) be the third derivative of -s**5/60 + s**4/2 - 11*s**3/6 + 18*s**2. Suppose 90 = 28*f - 19*f. What is r(f)?
9
Suppose 180*t = 173*t + 56. Let i(y) = -2*y + 9. Give i(t).
-7
Let s(d) = -d**3 + 5*d**2 - 8*d + 8. Let n be s(4). Let h(f) be the second derivative of f**5/20 + 2*f**4/3 + f**3/3 + 11*f**2/2 + 3*f. Determine h(n).
-5
Let b(a) be the second derivative of -a**5/20 - a**4/3 + 2*a**3/3 + a**2/2 - 247*a. Give b(-5).
6
Let w = 98 - 93. Let c(a) = -38 - w*a + 40 + 3*a. Determine c(-2).
6
Let l(h) be the first derivative of 6*h + 1/2*h**2 - 2. Suppose 0 = 3*d - 9, 3*r + 2*d = 6*r + 24. What is l(r)?
0
Let p(k) = k**3 + 7*k**2 - k. Let f(x) be the third derivative of -x**6/120 - 17*x**5/60 + 17*x**4/24 - 25*x**3/6 - 9*x**2 - x. Let t be f(-18). Determine p(t).
7
Let y(h) = -h - 2. Suppose 22 = 15*o - 8. Calculate y(o).
-4
Let o(v) = -19*v + 40*v - 14*v + 3 - 11*v + v**2. What is o(3)?
0
Let c(m) = 16 - m - 29 + 12. Calculate c(-3).
2
Let y(i) = 1 - 14*i - 9*i**2 + 6*i**2 + 4*i**2 - 2. Let d(w) = 3*w - 1. Let r be d(5). Let c be y(r). Let m(v) = -10*v. Calculate m(c).
10
Let d be (-2)/2*1 - (-10 + 4). Let c(r) = r**3 + 83*r - 2*r**3 - 86*r + d*r**2. Let n be ((-1)/(-2))/((-1)/(-8)).